st common factor of 880 and 28664240.
880
What is the greatest common divisor of 475022317 and 2442?
407
What is the highest common factor of 10984558 and 32994?
1222
Calculate the greatest common factor of 435398 and 285312.
1486
What is the highest common factor of 16688 and 11996884?
596
Calculate the highest common divisor of 3021489 and 58374.
1269
What is the highest common factor of 248514 and 1520184?
582
What is the highest common factor of 302382 and 216974?
314
Calculate the highest common factor of 19 and 1584551.
1
What is the highest common divisor of 296079 and 4761?
69
Calculate the greatest common factor of 1021323 and 488.
61
What is the greatest common factor of 1032 and 33621528?
1032
Calculate the highest common factor of 50564440 and 13840.
6920
Calculate the greatest common divisor of 510757 and 1515.
101
What is the highest common factor of 4344520 and 1632?
136
Calculate the highest common divisor of 1216 and 5698624.
64
What is the highest common factor of 1442301 and 1295?
7
Calculate the highest common factor of 5054 and 6182486.
722
Calculate the highest common factor of 254055849 and 23013.
7671
Calculate the greatest common factor of 1164235599 and 4131.
4131
Calculate the greatest common factor of 28528680 and 40.
40
What is the greatest common divisor of 2536 and 1424915?
317
What is the greatest common factor of 24468764 and 188?
188
Calculate the highest common factor of 4187 and 5774189.
79
Calculate the highest common factor of 14 and 28569933.
7
Calculate the highest common factor of 645 and 31915155.
15
Calculate the greatest common factor of 42693987 and 17.
17
What is the highest common factor of 6536255 and 1296917?
5167
What is the highest common factor of 27 and 32833674?
27
Calculate the highest common factor of 225 and 158147820.
45
What is the highest common factor of 85 and 1893300?
5
What is the greatest common divisor of 180677 and 421827?
371
What is the highest common divisor of 833508 and 171756?
468
What is the greatest common divisor of 11872282 and 2796?
466
Calculate the highest common divisor of 4147155 and 214255.
2935
Calculate the highest common factor of 5022068 and 5088.
212
What is the highest common factor of 7484688 and 47952?
144
What is the greatest common divisor of 84 and 14909160?
84
What is the greatest common factor of 321264 and 163542?
582
Calculate the highest common divisor of 5283 and 21024579.
1761
Calculate the highest common factor of 5493688 and 1387.
73
Calculate the highest common divisor of 6119118 and 470.
94
What is the greatest common factor of 210980 and 5572?
28
What is the highest common divisor of 22653321 and 206103?
2001
What is the greatest common factor of 44483528 and 127?
127
What is the highest common factor of 381472 and 1560104?
728
What is the greatest common factor of 425668082 and 28?
14
Calculate the greatest common divisor of 288 and 3011274.
18
Calculate the highest common divisor of 206856 and 4000230.
3042
What is the highest common factor of 8120938 and 546?
14
Calculate the highest common factor of 2881 and 10890850.
67
Calculate the greatest common factor of 276 and 34673052.
276
What is the greatest common factor of 42 and 4036543?
7
Calculate the highest common divisor of 48210 and 3.
3
Calculate the highest common factor of 18302434 and 207.
23
Calculate the highest common divisor of 12 and 72811356.
12
Calculate the greatest common factor of 2160 and 353070.
90
What is the highest common factor of 21638275 and 4850?
2425
Calculate the highest common factor of 1034 and 4884804.
94
What is the greatest common factor of 180752 and 20823?
11
What is the greatest common divisor of 3388 and 21004148?
484
What is the highest common factor of 75 and 6267015?
15
Calculate the highest common divisor of 132 and 769687556.
44
Calculate the highest common factor of 1437403 and 385.
11
What is the highest common divisor of 80 and 229506520?
40
What is the greatest common factor of 39292479 and 54?
27
What is the greatest common divisor of 30296 and 51464?
56
Calculate the highest common factor of 18 and 248696082.
18
What is the highest common factor of 2046 and 407352?
66
What is the highest common divisor of 185148 and 643356?
1332
Calculate the highest common divisor of 3480 and 12028040.
1160
Calculate the greatest common divisor of 74664582 and 24.
6
What is the greatest common divisor of 3610085205 and 11085?
11085
What is the highest common divisor of 152 and 585114652?
76
What is the highest common factor of 2677500 and 206703?
1071
What is the greatest common factor of 7 and 447014330?
7
What is the highest common divisor of 28270231 and 1793?
1793
Calculate the greatest common factor of 51 and 32361081.
51
What is the highest common factor of 217 and 110437?
1
What is the highest common factor of 347992 and 904?
8
What is the greatest common divisor of 274428 and 113498?
1694
What is the greatest common divisor of 10 and 23232970?
10
Calculate the greatest common divisor of 7789411 and 1197.
133
What is the greatest common divisor of 105 and 7462035?
105
What is the highest common divisor of 3646 and 588748788?
3646
What is the highest common divisor of 1828348092 and 24?
12
What is the highest common divisor of 1377885 and 969515?
485
What is the highest common factor of 3309382157 and 2183?
2183
What is the greatest common divisor of 70197616 and 16?
16
Calculate the highest common divisor of 91221 and 8151.
39
Calculate the greatest common divisor of 451 and 5137.
11
Calculate the greatest common divisor of 116235 and 3485.
205
What is the greatest common divisor of 15 and 784374?
3
Calculate the greatest common divisor of 80043780 and 10335.
795
What is the highest common divisor of 3825816 and 468792?
408
What is the highest common divisor of 240101092 and 385?
77
Calculate the highest common factor of 36674 and 3586.
22
Calculate the highest common divisor of 112 and 499862454.
14
Calculate the greatest common divisor of 25 and 23433105.
5
What is the greatest common divisor of 221460 and 61080?
60
What is the greatest common divisor of 4781910 and 2940?
1470
Calculate the highest common divisor of 407831 and 81752.
929
Calculate the highest common divisor of 16452 and 255123.
9
Calculate the highest common factor of 621007176 and 1104.
552
Calculate the greatest common divisor of 902646 and 396.
18
Calculate the highest common factor of 36104387 and 14381.
197
Calculate the greatest common divisor of 374784 and 14579.
61
Calculate the highest common divisor of 2346 and 11349166.
782
What is the highest common divisor of 268 and 11456330?
134
Calculate the highest common divisor of 70924 and 35496.
68
What is the greatest common divisor of 38 and 282006664?
38
Calculate the highest common divisor of 28 and 5365556.
28
What is the highest common divisor of 33779 and 115022?
17
Calculate the greatest common divisor of 17658 and 6679098.
162
What is the greatest common factor of 153564 and 1811412?
804
What is the highest common divisor of 1937985 and 352695?
105
Calculate the highest common factor of 38788101 and 22287.
969
Calculate the greatest common divisor of 231996136 and 1034.
94
Calculate the greatest common divisor of 12646457 and 684.
19
What is the greatest common factor of 3609631 and 1773?
197
Calculate the highest common factor of 4851 and 2072357.
49
What is the greatest common factor of 11616186 and 1002?
1002
Calculate the highest common factor of 72 and 426780.
36
Calculate the highest common divisor of 540 and 1579005.
45
What is the greatest common factor of 267616806 and 72?
6
What is the greatest common divisor of 279 and 15188791?
31
Calculate the highest common factor of 4623 and 899245927.
1541
What is the highest common divisor of 51 and 278324646?
51
Calculate the greatest common divisor of 18015 and 115095.
15
Calculate the greatest common divisor of 123164 and 20159093.
751
What is the highest common factor of 3737140 and 42130?
110
What is the highest common factor of 22 and 320179574?
22
What is the highest common factor of 2090194100 and 200?
100
What is the greatest common factor of 116355 and 36799208?
7757
Calculate the greatest common divisor of 654000 and 6600.
600
Calculate the greatest 